 7
64005
What is -3152 (base 6) in base 11?
-5a1
What is 7a6 (base 13) in base 10?
1319
-783 (base 12) to base 3
-1112000
What is 212 (base 14) in base 11?
341
196 (base 12) to base 3
100120
-2051 (base 8) to base 15
-4b0
Convert -12203 (base 4) to base 6.
-1535
-693 (base 12) to base 10
-975
What is -27858 (base 11) in base 3?
-2000100210
What is -344 (base 7) in base 9?
-218
-10321 (base 6) to base 11
-1079
What is -103023 (base 4) in base 15?
-56c
What is -650 (base 9) in base 14?
-29d
-89 (base 15) to base 5
-1004
1fcc (base 16) to base 11
6130
Convert 1b25 (base 13) to base 3.
12121101
What is -120524 (base 8) in base 4?
-22011110
What is -7035 (base 9) in base 3?
-21001012
Convert 26280 (base 10) to base 5.
1320110
What is -4542 (base 6) in base 8?
-2056
b8b (base 14) to base 5
33104
Convert 158 (base 10) to base 15.
a8
What is -558 (base 11) in base 10?
-668
What is 48681 (base 9) in base 7?
164101
Convert 100001101100 (base 2) to base 8.
4154
Convert 13ad (base 15) to base 3.
12210001
What is -1001010010010 (base 2) in base 11?
-3632
-342 (base 11) to base 14
-213
-163 (base 12) to base 8
-333
40 (base 8) to base 4
200
Convert -119a (base 12) to base 5.
-30430
What is 101110101 (base 2) in base 5?
2443
What is -482 (base 14) in base 16?
-382
1100111101010 (base 2) to base 13
3034
Convert -112201 (base 3) to base 12.
-291
Convert -1144 (base 7) to base 13.
-268
What is 292 (base 14) in base 16?
208
3750 (base 16) to base 3
201102110
1182 (base 12) to base 5
30340
-8615 (base 10) to base 9
-12732
-3704 (base 9) to base 12
-171a
Convert -37a91 (base 11) to base 16.
-d516
21100 (base 4) to base 9
727
Convert -5121 (base 13) to base 15.
-34a6
-3030 (base 10) to base 16
-bd6
-15039 (base 10) to base 13
-6acb
Convert 192a (base 11) to base 5.
34302
What is -424 (base 5) in base 3?
-11020
What is -110001011 (base 2) in base 12?
-28b
-10b8 (base 15) to base 12
-2078
What is -4939 (base 13) in base 14?
-3abb
18a5 (base 13) to base 2
111001100100
Convert -11e (base 15) to base 12.
-192
Convert -a138 (base 11) to base 14.
-4ca4
-10030 (base 8) to base 14
-1704
9375 (base 11) to base 9
18034
db49 (base 15) to base 2
1011010101010011
-2861 (base 10) to base 11
-2171
What is -a55 (base 11) in base 13?
-769
What is 11234 (base 5) in base 10?
819
Convert 85 (base 16) to base 12.
b1
-577 (base 10) to base 9
-711
What is -20000211 (base 3) in base 2?
-1000100101100
Convert -762 (base 9) to base 11.
-517
-1220 (base 4) to base 12
-88
142401 (base 5) to base 16
1758
What is -13030 (base 5) in base 12?
-707
What is 2a2a (base 14) in base 13?
353b
Convert -2155 (base 7) to base 13.
-478
What is 1523 (base 8) in base 13?
506
What is 2211001001 (base 3) in base 6?
1104344
-22408 (base 10) to base 15
-698d
What is 3323 (base 4) in base 11?
209
Convert 20002200 (base 3) to base 7.
15651
Convert 5d2 (base 14) to base 8.
2214
What is -5176 (base 9) in base 7?
-14031
148f (base 16) to base 6
40211
-30423 (base 6) to base 12
-2413
What is 1689 (base 14) in base 9?
5480
What is -1454 (base 10) in base 16?
-5ae
Convert -40014 (base 5) to base 16.
-9cd
Convert 110020 (base 3) to base 5.
2310
-1111 (base 12) to base 8
-3535
Convert 10010000010101 (base 2) to base 10.
9237
14114 (base 12) to base 16
6ca0
23030 (base 7) to base 9
8022
Convert 5165 (base 9) to base 12.
2235
Convert 110100000001 (base 2) to base 9.
4508
25 (base 7) to base 14
15
What is 156 (base 16) in base 15?
17c
2cb (base 14) to base 6
2351
101 (base 7) to base 12
42
Convert 1008 (base 10) to base 2.
1111110000
Convert 287 (base 9) to base 16.
f1
What is 1466 (base 9) in base 4?
101121
Convert 1a1 (base 13) to base 3.
102010
Convert 1201010101 (base 3) to base 10.
33625
22211211 (base 4) to base 9
65433
What is -13314 (base 7) in base 6?
-24340
What is -113302 (base 4) in base 13?
-901
Convert 1844 (base 12) to base 8.
5564
-353 (base 11) to base 13
-265
420 (base 14) to base 16
32c
What is -1203 (base 7) in base 6?
-2020
Convert -1103 (base 5) to base 13.
-ba
What is -2408 (base 9) in base 15?
-7e5
-1000100010 (base 2) to base 4
-20202
Convert 121144 (base 6) to base 7.
43021
Convert b5a (base 13) to base 12.
1152
1c6 (base 13) to base 15
171
-1107a (base 11) to base 10
-16059
Convert -14440 (base 7) to base 3.
-12111001
Convert 2297b (base 12) to base 9.
70475
What is 12bb2 (base 13) in base 11?
242a1
-30c9 (base 14) to base 16
-20d9
Convert -223 (base 8) to base 9.
-173
What is -12413 (base 7) in base 2?
-110011011101
What is -21112220 (base 3) in base 16?
-1581
-547 (base 13) to base 6
-4104
236203 (base 7) to base 5
2333401
117306 (base 8) to base 7
226334
What is 110001110000011 (base 2) in base 4?
12032003
Convert 2737 (base 10) to base 7.
10660
What is -201020110 (base 3) in base 11?
-a5a0
-c27 (base 16) to base 7
-12033
What is 5315 (base 11) in base 2?
1101101111010
What is -2821 (base 11) in base 16?
-e45
-10601 (base 12) to base 13
-9aa8
1670 (base 8) to base 14
4c0
Convert 417 (base 12) to base 13.
36a
Convert -12120221 (base 3) to base 9.
-5527
Convert 241020 (base 5) to base 4.
2022311
Convert 188a (base 13) to base 10.
3663
-6a7 (base 11) to base 14
-443
What is -91 (base 13) in base 12?
-9a
What is -1be (base 15) in base 8?
-624
What is -3820 (base 13) in base 14?
-2c93
-438 (base 15) to base 11
-797
What is 18421 (base 13) in base 10?
46840
What is ca1 (base 14) in base 11?
1967
Convert -889 (base 16) to base 8.
-4211
Convert 21212211 (base 3) to base 10.
5746
-5a6 (base 16) to base 8
-2646
Convert b65 (base 13) to base 12.
115a
What is cc (base 14) in base 8?
264
1012012 (base 3) to base 4
31211
14031 (base 5) to base 10
1141
What is -562a (base 13) in base 11?
-9051
What is 21420 (base 9) in base 13?
65ca
-111020 (base 3) to base 15
-18c
Convert 5732 (base 10) to base 8.
13144
Convert 1352 (base 7) to base 12.
37b
Convert -2259 (base 15) to base 3.
-100222210
Convert 412 (base 14) to base 9.
1078
Convert -417 (base 8) to base 10.
-271
6155 (base 7) to base 11
1682
What is 5360 (base 11) in base 4?
1232230
Convert -160 (base 8) to base 7.
-220
-106 (base 7) to base 9
-61
What is 2553 (base 7) in base 10?
969
1011101 (base 2) to base 7
162
110001111010011 (base 2) to base 8
61723
What is 404 (base 9) in base 15?
16d
What is 1014 (base 8) in base 16?
20c
Convert -7b9 (base 13) to base 9.
-1743
2523 (base 6) to base 4
21303
What is -775 (base 9) in base 11?
-528
Convert 1403 (base 15) to base 13.
1c41
Convert 211222122 (base 3) to base 7.
66566
5531 (base 8) to base 6
21241
What is 960 (base 11) in base 16?
483
What is -b5 (base 12) in base 13?
-a7
What is -1153 (base 8) in base 2?
-1001101011
What is 37400 (base 8) in base 16?
3f00
What is -24b (base 14) in base 13?
-294
-6614 (base 8) to base 11
-2673
Convert -241341 (base 5) to base 4.
-2030023
What is 381 (base 9) in base 4?
10330
Convert -20130 (base 7) to base 12.
-29a0
16367 (base 9) to base 16
2be7
What is -2020 (base 6) in base 7?
-1203
-12211120 (base 4) to base 10
-26968
3347 (base 8) to base 12
1033
Convert -2883 (base 9) to base 8.
-4205
-111000110110 (base 2) to base 11
-2808
-22510 (base 7) to base 2
-1011001101100
1248 (base 9) to base 4
32213
10010210 (base 3) to base 12
13a9
-27c (base 15) to base 6
-2343
What is -267 (base 9) in base 2?
-11011111
Convert 19108 (base 12) to base 3.
1211222122
-1c43 (base 16) to base 11
-5488
What is 6214 (base 14) in base 5?
1014444
-10111111 (base 2) to base 14
-d9
Convert -51620 (base 9) to base 5.
-2042123
What is 414212 (base 5) in base 16?
3572
Convert -330 (base 12) to base 9.
-570
926 (base 10) to base 4
32132
Convert 54401 (base 8) to base 10.
22785
a3e (base 16) to base 15
b9c
What is -13 (base 6) in base 12?
-9
Convert 41586 (base 9) to base 14.
a012
What is 11100000111 (base 2) in base 12?
105b
What is -308 (base 14) in base 5?
-4341
What is 401 (base 8) in base 7?
515
Convert -1042124 (base 5) to base 14.
-69d4
-11111110 (base 2) to base 6
-1102
What is 1b3 (base 12) in base 3?
101100
Convert 2d5 (base 15) to base 10.
650
Convert -231413 (base 6) to base 12.
-b569
What is -10011110010101 (base 2) in base 16?
-2795
What is 48 (base 12) in base 5?
211
Convert -5931 (base 10) to base 15.
-1b56
What is 6a5c (base 13) in base 9?
22450
What is 345 (base 9) in base 3?
101112
1